(-36)/(-20))/((-111)/(-30) + -4). Let w(c) = 4*c + 7. Calculate w(s).
-17
Let i(s) = -2*s**3 + 6*s**2 + 5*s + 8. Let o(w) = -3*w**3 + 12*w**2 + 9*w + 15. Let z(c) = 5*i(c) - 3*o(c). What is z(-6)?
7
Let x(g) = g**2 + 6*g + 2. Suppose 29*p - 2*p + 108 = 0. Calculate x(p).
-6
Suppose -7*l = -2*l. Suppose 4*t + 18 = -2*b, 12 = -t + 2*b - l*b. Let q(n) = n + 6. Give q(t).
0
Suppose 4*x + 2*u = -3*u + 19, 4*x - 4*u - 28 = 0. Let i(o) be the second derivative of -2*o**2 - 1/12*o**4 - 19*o + o**3 + 0. What is i(x)?
-4
Let t(i) be the third derivative of 0 - 1/30*i**5 + 1/24*i**4 + 1/6*i**3 + 0*i + 57*i**2 + 1/120*i**6. Calculate t(2).
3
Let q(b) = b**3 - b. Let v be q(-1). Suppose v = k - 5*k + 12, -4*i - 2*k = -6. Suppose i = -l - 0 - 3. Let x(u) = u**2 + 3*u + 1. What is x(l)?
1
Let r(s) = 9. Let l(b) = 4. Let t(p) = -7*l(p) + 3*r(p). Let w(u) = u**2 + 10*u + 15. Let x(a) = -5*t(a) - w(a). Give x(-9).
-1
Let a(f) = -19*f - 5. Let z(q) = -16*q - 5. Let y(u) = 5*a(u) - 6*z(u). Determine y(-6).
-1
Let n be 96/(-8)*1/(-2). Suppose c + 3*m = 8, 0 = -2*c - m + n. Let y(g) = -g**2 - c - 4*g + 2*g + g - 2*g. Determine y(-2).
0
Let s(z) = -2*z**3 + 14*z**2 + 2*z - 10. Let y(l) = -l**3 + 7*l**2 + 2*l - 5. Let p(c) = 4*s(c) - 9*y(c). Give p(8).
-11
Let u(h) = -3*h - 52. Let z be u(-21). Let b(n) = -14 - n**2 + 8*n - z*n + 2*n. Calculate b(0).
-14
Let u(q) = -q**2 - 6*q - 1. Let n = 270 - 274. Give u(n).
7
Let r(y) be the third derivative of -y**4/12 - 2*y**3/3 - 4*y**2 + 8*y. Suppose -2*p = 5*l + 36, -2*p = -3*l - 8 - 4. Give r(l).
8
Suppose -32 + 27 = f + 3*a, 0 = -2*f + 3*a + 8. Let d(i) = -44*i + 1. What is d(f)?
-43
Suppose 0 = -40*z + 420 - 60. Let g(o) = -o**2 + 13*o - 7. Determine g(z).
29
Suppose 2*a - 14 = -5*m, 4*a - 2*m = m + 2. Suppose a*w - 5*g = 7*w, -4*w + 4*g = 0. Let t(x) = -x**2 - x + 1. What is t(w)?
1
Let b(g) = -23*g**2 - 17*g - 23. Let t(l) = 8*l**2 + 6*l + 8. Suppose -34 = 5*p - 7*p. Let w(s) = p*t(s) + 6*b(s). Determine w(2).
-10
Let t(m) = 6 + 5*m**3 - 2*m**2 - 6*m + 19*m**2 - 10*m**2 - 6*m**3. Let y be (-6)/(-21) - 80/(-14). Give t(y).
6
Let z be -4 - 1 - (-31 - -15). Let t(y) = 8*y + z*y + 4*y - 24*y - 2*y**2 + 5*y**3. Suppose -5*c - 4 = 1. Calculate t(c).
-6
Let i(l) be the second derivative of -l**5/20 - 3*l**4/4 + 11*l**3/6 + 3*l**2 - 7*l. Calculate i(-10).
-4
Let b(g) = g**3 + 11*g**2 + 9*g - 8. Let c be b(-10). Let f(n) = 9*n**3 - 8*n**3 + 6 - 2*n**2 - 3*n**c. Determine f(5).
6
Suppose -2*m - 2*m - 3*b = -21, 4*m - 4*b - 28 = 0. Let t(c) = 7*c - 15. Let d(j) = -j + 1. Let s(g) = m*d(g) + t(g). Let r = 6 - 6. Calculate s(r).
-9
Suppose 0 = 3*f + 5*d + 23, 3*f + 2*d = -24 + 4. Suppose n + 2*o - 14 = 0, 0*n - 5*o = -5*n + 10. Let q(v) = n + 2*v + 2*v - 2*v - v. Determine q(f).
0
Let q(u) be the second derivative of u**4/12 - 3*u**3/2 + 3*u**2/2 - u. Let i = 133 - 124. Give q(i).
3
Let h(j) be the first derivative of j**2/2 - j - 70. Calculate h(4).
3
Let l(z) = 2*z**2 - z - 1. Let f be l(-1). Let k = -23 + 97. Let a(c) = -f*c + 71 - k - c**2 + c. What is a(0)?
-3
Let m(t) = 7*t + 173. Let f(o) = 84*o + 2093. Let w(r) = -4*f(r) + 49*m(r). What is w(-15)?
0
Suppose -d + 5*d - 4 = 0. Let h(k) = -2*k + 5. Let z(l) = l - 1. Let i(q) = h(q) + 6*z(q). Determine i(d).
3
Let s(j) = j**3 - 2 - 2*j - 1 + 2*j + 5*j**2 + 2*j. Let o be s(-4). Let h(u) = 3 + u**3 + 3*u**3 + 4*u**2 - o*u**3 - 2*u. Calculate h(3).
6
Let i(z) = -6*z - 356 + 177 + 180. Give i(-1).
7
Suppose 5*j + 6 = -i + 3*j, -4*i - 4 = 3*j. Let u(y) = -1 - 7*y + i*y + 6*y. Give u(-4).
-5
Let d(u) be the first derivative of u**4/24 + 11*u**2 + 4. Let m(j) be the second derivative of d(j). Let p be (-4)/(2/1)*1. Determine m(p).
-2
Let u(c) = c**3 - 6*c**2 + 5*c + 6. Suppose -2*o - 106 = -4*w - 14, 0 = -o + 4. Suppose -16*p + 21*p = w. Give u(p).
6
Let b be 3 - 1/((-4)/20). Let j(t) be the first derivative of -t**2/2 + 2*t + 33. Give j(b).
-6
Let t(o) be the second derivative of o**7/840 + o**6/90 + o**5/60 - o**4/24 - 5*o**3/6 + 4*o. Let g(n) be the second derivative of t(n). Calculate g(-3).
2
Let w(g) = g**3 + 4*g - 6*g**2 + 5 - 3 - 18*g + 17*g + 4. Calculate w(5).
-4
Let v(l) be the third derivative of -l**4/12 + 13*l**3/6 - 591*l**2. Calculate v(9).
-5
Let h(s) be the first derivative of 2*s**2 - 42*s - 6. Let w be h(12). Let f(l) = -l + 7. What is f(w)?
1
Let t(d) = -5*d + 11. Let a(l) = 2*l - 1. Let v(p) = 2*a(p) + t(p). Let x = 23 + -14. What is v(x)?
0
Let h(s) be the first derivative of -12*s**3 + s**2 + s - 97. Give h(-1).
-37
Let t(d) = 5 + 0*d - 4 - 14*d. Suppose w = -2*j - 1, j + 2*w = -2*j - 3. Give t(j).
-13
Suppose 4 = 3*w - 8. Suppose -4*h = -2*y - 2*h + w, -y = h. Let o(g) = -12*g**3 + g - 1. Determine o(y).
-12
Let s(v) = 21*v + 9*v**2 - v**3 + 21*v - 49*v + 3. Calculate s(8).
11
Let h(g) = -8*g + 6. Suppose -4*y + 4*n + 4 = 0, -4*y + 3*n + 10 - 4 = 0. Calculate h(y).
-18
Let s be 42/147*(-5 - -19). Let j(w) be the third derivative of -1/12*w**s - 4*w**2 + 1/2*w**3 + 0 + 0*w. Give j(7).
-11
Let f(x) = -x**3 + 5*x**2 + x - 2. Let v be f(5). Let p(q) = q**2 + 2*q - 6. Let z be p(v). Let m be ((-6)/z)/(2/15). Let g(j) = j + 11. Determine g(m).
6
Let x be (-1 - (0 + 0))*7. Let i(a) = -2. Let g(c) = c + 3. Let y(r) = -4*g(r) - 6*i(r). Let t(n) = n. Let o(d) = -9*t(d) - 2*y(d). What is o(x)?
7
Let j(u) = 7*u + 17. Let m = -468 - -464. Give j(m).
-11
Let v(z) = -6*z + z**2 + 2*z + 3570 - 2*z - 3578. Give v(9).
19
Let i be 20*-2 + -2 + -4. Let d = i - -54. Let s(c) = -c**3 + 7*c**2 + 6*c + 10. Determine s(d).
-6
Let s(u) = -u**3 + 18*u**2 + 20*u - 27. Let b be (-4)/(-26) + ((-3880)/(-130) - 11). Give s(b).
-8
Let q(b) = 3*b + 4. Suppose 0 = 15*o + 5*o. Give q(o).
4
Let o(c) = -c**3 - 5*c**2 - 3*c + 4. Let r be o(-3). Let t(g) = 5*g**2 - g**3 + 3*g + 25 - 4*g**2 - 3*g**2 - 32 - 2*g**2. Determine t(r).
3
Let g(w) = -w**2 - 5*w + 2. Let t(q) = -q**3 - 6*q**2 + 11*q + 61. Let u be t(-6). Give g(u).
2
Let m = -2 + 5. Let r be (0/(-5 - -3))/2. Let h(u) = m*u - 2*u + u + r + 1. Calculate h(1).
3
Let w(p) = 14*p**3 + 19*p**2 - 6*p + 32. Let s(k) = -5*k**3 - 6*k**2 + 3*k - 11. Let d(v) = -11*s(v) - 4*w(v). What is d(-9)?
-7
Let u(o) = -2576*o - 10 + 1296*o + o**2 + 1282*o. Give u(-5).
5
Let c(x) = -46*x - 27. Let b be c(-1). Let r(i) = i**2 - 19*i. Determine r(b).
0
Let s(b) = -b**2 - 16*b - 9. Let q = -1362 + 1347. Calculate s(q).
6
Let b(y) = -y. Let c = -17 - -20. Suppose c*k = -15, -2*q - 5*k = -q + 36. Let w = q - -7. Calculate b(w).
4
Suppose -97 = 22*q + 13. Let l(z) = -z**3 - 5*z**2 + z + 7. What is l(q)?
2
Let x(a) = -a**2 - a + 3. Let o(p) = -p**2 - 22*p + 19. Let b be o(-23). Give x(b).
-9
Let h(k) = -20 + 14 + 5*k + 3. Calculate h(-3).
-18
Suppose -49*s + 21 = -50*s - 5*p, -33 = 3*s + 5*p. Let t(n) = 4 + 5*n**2 - 3*n + n**3 + 0*n**3 + 4. Calculate t(s).
-10
Let f(v) = 0*v**3 - 4*v**2 + v**3 - 2 - 4*v - 3. Suppose -5*s + u + 12 = -57, s - 3*u = 25. Suppose s - 3 = 2*g. Calculate f(g).
0
Suppose -33*b + 39 = -42 - 51. Let l(t) = -2*t + 1 + 0*t + t**2 + 4. Calculate l(b).
13
Let j(y) = 3*y**3 + y**2 + 2*y + 1. Let t be j(-1). Let z(f) be the third derivative of -f**6/120 - f**5/15 + f**4/6 + f**3/6 - 12*f**2 + 8. Determine z(t).
-20
Let r(i) = 6*i + 189. Let w be r(-32). Let d(h) = 6*h**2 + 8*h - 3. Let l(j) = -5*j**2 - 7*j + 2. Let u(a) = -6*d(a) - 7*l(a). Determine u(w).
-8
Let p(w) = 19*w**2 - 3*w - 3. Suppose -5160 = 9*u - 5151. Calculate p(u).
19
Let s(w) = -10 - w**3 - 35*w**2 - 63*w**2 - 10 - 13*w + 85*w**2. What is s(-12)?
-8
Suppose -8*r - 20 = -9*r - 5*v, -5*r = -v + 4. Let a(w) = -2 + 6 + w + 0. Give a(r).
4
Let a(o) = 14*o**3 + 14*o**2 + 9*o - 1. Let f(s) = 5*s**3 + 5*s**2 + 3*s. Let k(n) = 6*a(n) - 17*f(n). Calculate k(0).
-6
Let k(g) = 3*g**3 + 11*g**2 - 3*g + 15. Let a(c) = -7*c**3 - 24*c**2 + 7*c - 33. Let t(n) = 4*a(n) + 9*k(n). Determine t(3).
6
Let t(k) = 11*k + 61. Suppose -96 = 3*w + 13*w. Calculate t(w).
-5
Let l(f) = 21*f**2 + 11 - 11*f + 7 - 22*f**2. Let h be l(-12). Let w(t) = 3*t - 5. Let u(p) = -12*p + 21. Let k(o) = 4*u(o) + 15*w(o). Determine k(h).
-9
Let b(o) = -54*o - 271. Let c be b(-5). Let u(f) = 7*f**2 + 4*f + 1. Determine u(c).
4
Let s(t) = -1 - t + 8 + 0 + 3. Let q be (-4)/22 - (-1 + 158/(-22)). Determine s(q).
2
Let p(a) = 14*a +